{"id":28,"date":"2017-01-04T17:42:20","date_gmt":"2017-01-04T16:42:20","guid":{"rendered":"http:\/\/momentums.se\/?page_id=28"},"modified":"2023-04-20T13:00:14","modified_gmt":"2023-04-20T11:00:14","slug":"personlig-traning","status":"publish","type":"page","link":"https:\/\/momentums.se\/?page_id=28","title":{"rendered":"Personlig tr\u00e4ning"},"content":{"rendered":"<p>Att r\u00f6ra p\u00e5 sig \u00e4r otroligt viktigt f\u00f6r att m\u00e5 bra hela livet. Framf\u00f6r allt idag n\u00e4r s\u00e5 m\u00e5nga har stillasittande jobb.<\/p>\n<p><strong>Saknar du motivation<\/strong> att tr\u00e4na? Har du <strong>ont n\u00e5gonstans i kroppen<\/strong>\u00a0som\u00a0hindrar dig att komma ig\u00e5ng? Eller \u00e4r du <strong>os\u00e4ker p\u00e5 hur du ska tr\u00e4na<\/strong> f\u00f6r att uppn\u00e5 ett visst resultat?<\/p>\n<p>Jag hj\u00e4lper dig. Jag\u00a0anpassar \u00f6vningarna efter dina besv\u00e4r, m\u00f6jligheter och m\u00e5l f\u00f6r att resultatet ska bli s\u00e5 bra som m\u00f6jligt. Kvinna, man, ung eller gammal, elitidrottare, amat\u00f6rmotion\u00e4r eller fullkomligt otr\u00e4nad \u00a0\u2013 du \u00e4r v\u00e4lkommen som du \u00e4r. Du beh\u00f6ver heller inte ha tillg\u00e5ng till ett gym eller n\u00e5gon avancerad tr\u00e4ningsutrustning. Jag l\u00e4gger upp effektiva tr\u00e4ningsprogram d\u00e4r fokus ligger p\u00e5 funktionell tr\u00e4ning med egen kroppsvikt ofta i kombination med TRX-tr\u00e4ning.<\/p>\n<p>Jag \u00e4r utbildad personlig tr\u00e4nare, fystr\u00e4nare, l\u00f6pcoach och certifierad i\u00a0TRX-tr\u00e4ning.<\/p>\n<p><a href=\"http:\/\/www.bokadirekt.se\/places\/momentum-1770\">Boka enkelt en tid h\u00e4r<\/a><\/p>\n<p><a href=\"https:\/\/momentums.se\/?page_id=167\" target=\"_blank\" rel=\"noopener\"><strong>L\u00e4s mer om min l\u00f6pskola f\u00f6r nyb\u00f6rjare h\u00e4r\u00a0<\/strong><\/a><\/p>\n","protected":false},"excerpt":{"rendered":"<p>Att r\u00f6ra p\u00e5 sig \u00e4r otroligt viktigt f\u00f6r att m\u00e5 bra hela livet. Framf\u00f6r allt idag n\u00e4r s\u00e5 m\u00e5nga har stillasittande jobb. Saknar du motivation att tr\u00e4na? Har du ont n\u00e5gonstans i kroppen\u00a0som\u00a0hindrar dig att komma ig\u00e5ng? Eller \u00e4r du os\u00e4ker p\u00e5 hur du ska tr\u00e4na f\u00f6r att uppn\u00e5 ett visst resultat? Jag hj\u00e4lper dig. [&hellip;]<\/p>\n","protected":false},"author":1,"featured_media":0,"parent":0,"menu_order":0,"comment_status":"closed","ping_status":"closed","template":"","meta":{"footnotes":""},"class_list":["post-28","page","type-page","status-publish","hentry"],"_links":{"self":[{"href":"https:\/\/momentums.se\/index.php?rest_route=\/wp\/v2\/pages\/28","targetHints":{"allow":["GET"]}}],"collection":[{"href":"https:\/\/momentums.se\/index.php?rest_route=\/wp\/v2\/pages"}],"about":[{"href":"https:\/\/momentums.se\/index.php?rest_route=\/wp\/v2\/types\/page"}],"author":[{"embeddable":true,"href":"https:\/\/momentums.se\/index.php?rest_route=\/wp\/v2\/users\/1"}],"replies":[{"embeddable":true,"href":"https:\/\/momentums.se\/index.php?rest_route=%2Fwp%2Fv2%2Fcomments&post=28"}],"version-history":[{"count":10,"href":"https:\/\/momentums.se\/index.php?rest_route=\/wp\/v2\/pages\/28\/revisions"}],"predecessor-version":[{"id":202,"href":"https:\/\/momentums.se\/index.php?rest_route=\/wp\/v2\/pages\/28\/revisions\/202"}],"wp:attachment":[{"href":"https:\/\/momentums.se\/index.php?rest_route=%2Fwp%2Fv2%2Fmedia&parent=28"}],"curies":[{"name":"wp","href":"https:\/\/api.w.org\/{rel}","templated":true}]}}